posite?
False
Let w(u) = 6*u**2 - 29*u - 5. Is w(6) a composite number?
False
Let x(m) = m**3 - 6*m**2 - 2*m + 8. Let i be x(6). Let f = i - -42. Is f a composite number?
True
Suppose -3*l + 2*l + 500 = 0. Let z = l + -199. Is z a prime number?
False
Suppose -q = -0*q. Suppose q = r - 75 - 52. Is r a composite number?
False
Suppose 4*m = 1751 - 511. Let g = -180 + m. Suppose 0*j + g = 5*j. Is j prime?
False
Let l = 818 - 459. Is l a prime number?
True
Let g = -568 - -1287. Is g a prime number?
True
Let w = 9 + 7. Suppose -2*m + w = -u, -u + 0*u - 4 = 0. Suppose m*y - 196 = 2*y. Is y a prime number?
False
Let t = -13 + 18. Suppose 224 = -t*f + 1249. Is f composite?
True
Let n(g) = 20*g**2 - 26. Is n(-9) a composite number?
True
Let w = -59 - -262. Is w composite?
True
Suppose -u + 111 = 2*j, 4*j + 3*u = 75 + 142. Let h = j - 39. Is h a prime number?
True
Suppose 2*q = 117 + 127. Suppose -q - 63 = -5*k. Is k a prime number?
True
Suppose w = -4*w + 285. Is w a composite number?
True
Let y be (-11 - (-6)/3)*1. Let a = 22 - y. Is a composite?
False
Let f(a) = 669*a**2 + 8*a + 21. Is f(-2) composite?
True
Let h be (1 - (3 + -10))/2. Let p(b) = 21*b + 3. Is p(h) prime?
False
Let h(u) = 339*u**2 - 9*u + 1. Is h(-3) a composite number?
False
Suppose 0 = 3*v + 2*v - 205. Suppose 3*h + 4*b - v = 0, 5*h + 2*b = -b + 83. Is h composite?
False
Suppose 3*w - 118 = 299. Is w a prime number?
True
Let l = 8 + 4. Suppose -4*p = -0*p - l, -2*p = -5*c + 4. Suppose -4*x = c*j - 330, -j - 2*x - 2*x + 161 = 0. Is j prime?
False
Let v be (-1952)/(-6) - (-8)/(-24). Let w = v - 192. Is w composite?
True
Suppose -103 = -3*d - 10. Is d a composite number?
False
Is ((-4)/2)/(-8) - 25630/(-40) a composite number?
False
Suppose 6*h = 3*h. Suppose -6*q + 11*q = h. Suppose 81 = x - 2*s, x = -q*x - s + 78. Is x composite?
False
Let i(u) = 2*u**2 + 7. Is i(-6) prime?
True
Let k(x) = 7*x + 2. Is k(11) a prime number?
True
Let b(i) = i + 4. Let g be b(-3). Let v = g + -1. Suppose v = 3*u, 3*u - 195 = -2*d - d. Is d a composite number?
True
Suppose 3*u + 635 = 5*j - 827, -4*u = -4. Is j a prime number?
True
Let c = 11 + -10. Is 3 + (-3)/c + 49 a composite number?
True
Let w(z) = z**3 - z**2 + 1. Let x(n) = 3*n**3 + 2*n - 1. Let m(l) = -2*w(l) + x(l). Let i(s) be the first derivative of m(s). Is i(-5) composite?
True
Let p(q) = 5*q**2 - 2. Let g(w) = -19*w**2 + w + 8. Let f(h) = 2*g(h) + 9*p(h). Is f(-2) a prime number?
False
Suppose 5*h - 535 = 5*n + 4*h, -2*h = -4*n - 434. Is 1*n/(-3 - -1) a prime number?
True
Let j(c) = 2*c - 8. Let i be j(6). Suppose -i*z + 39 = -117. Let k = z + 16. Is k a prime number?
False
Suppose -4*l + 2*r + 979 = -13, 496 = 2*l - 4*r. Let u = l + 59. Is u prime?
True
Let y(x) be the third derivative of -x**6/360 - x**5/60 + x**4/24 - x**2. Let l(b) be the second derivative of y(b). Is l(-4) prime?
False
Let q be 62/1*(-8)/16. Let y = 110 + q. Is y a prime number?
True
Suppose 4 + 4 = -2*x. Let k be (-2)/x*2 - -3. Suppose -k*m + 70 + 6 = 0. Is m a prime number?
True
Let o(g) be the third derivative of -g**6/120 - g**4/24 + 481*g**3/6 + 5*g**2. Is o(0) a composite number?
True
Is (1 - 3)/((-14)/4781) a composite number?
False
Let j(c) = -10*c - 5 - 3 - 1 + 2. Is j(-6) a composite number?
False
Is 304/2 - (-1 + 4) a composite number?
False
Is 1540 + 7*(36/(-21))/(-4) a prime number?
True
Let l be 15/4 - (-1)/4. Suppose 5*y = 7*y - 8. Suppose s - 35 = t, y*s - l*t = 6*s - 70. Is s a composite number?
True
Suppose 0 = 2*c - z - 3*z - 16, 3*c + 9 = -5*z. Suppose 4*o + 258 = 2*h, -c*h - 2*h = 5*o - 503. Is h a prime number?
True
Let b = 215 + -138. Is b prime?
False
Suppose 0 = t + 5*t - 6330. Is t a composite number?
True
Suppose 8 - 2 = -3*q. Let p be q + 6 + -1 + 40. Let t = p - -6. Is t a prime number?
False
Suppose 5*w + 5*h - 425 = 245, 2*w = 4*h + 298. Is w composite?
False
Let o(i) = -i**3 - 4*i**2 - 5*i + 5. Suppose -50 = 5*l - 3*d - 2*d, 0 = -2*d + 6. Is o(l) a prime number?
False
Suppose 4 = 2*b - 0. Let f(g) = g. Let m be f(2). Suppose -10 = m*w, -43 = -b*t + 2*w - 13. Is t a composite number?
True
Suppose 3*d - 998 = -p, 4*p - 510 = 3*d + 3407. Is p a prime number?
True
Is (140/6)/((-4)/(-6)) prime?
False
Suppose 2*m + 4265 = 7*m. Is m composite?
False
Let f = 2 - -2. Suppose -f*k - p + 5*p + 116 = 0, 3*k + 2*p - 97 = 0. Is k a prime number?
True
Let r be (8/10)/((-14)/(-35)). Suppose 191 = r*f - 75. Is f a composite number?
True
Suppose 131 + 1137 = 2*m. Is 15/35 - m/(-7) a prime number?
False
Let c be (-9)/6*(-24)/9. Suppose -3 + 11 = 2*h + 2*t, c*t = 5*h - 56. Suppose 2 + h = g. Is g a composite number?
True
Let z be (30/4)/(3/6). Suppose 0 = 4*q - q - 9. Suppose -q*o + 57 = z. Is o composite?
True
Let f(o) = -o**2 + 3*o - 2. Let v be f(4). Let n(k) be the third derivative of k**5/12 + k**4/4 + k**3/6 - 2*k**2. Is n(v) a prime number?
False
Suppose 6 = 3*y, -4*y = -0*z + 3*z - 11. Suppose -3*j = -5 - z. Suppose -j*t + 1073 - 51 = 0. Is t a prime number?
False
Let l(m) = m**3 + 2. Let r be l(0). Is (-124)/(-8)*(0 + r) a composite number?
False
Suppose 4*g + 27 = 3*r, 0*g + 4*r - 16 = 2*g. Let q be 2/g - 25/(-3). Suppose -5*i = -5*u - 85, q*i + 5*u = 3*i + 65. Is i composite?
True
Let g(m) = 53*m. Let u be g(-5). Let k = -54 - u. Is k a composite number?
False
Suppose -3*t = -4*z + 1063, 0*t = -5*z - t + 1324. Is z prime?
False
Let y be -4 + (-2 - -3) - -3. Suppose y*q = 2*q - 326. Is q composite?
False
Is (-123 + 5)*((-3)/(-2))/(-1) composite?
True
Suppose 2*x - 2*j + 289 = -3*x, 4*j - 224 = 4*x. Let l = x + 378. Is l a prime number?
False
Suppose f + s + s = -155, 3*f + 2*s = -465. Let v = f + 494. Is v prime?
False
Let i = 230 - 524. Let d be 15/25 - i/10. Suppose -3*f = -0*l + 3*l - d, 4*l - 16 = 4*f. Is l composite?
False
Suppose 0 = -2*g - d + 11, 4*g = 3*g - 2*d + 7. Suppose g*r + 4*p = -0*p - 2, -2*r + 13 = -3*p. Suppose 0*m + r*m = 14. Is m a prime number?
True
Let u(h) be the second derivative of -37*h**3/6 - h**2 - 2*h. Is u(-3) prime?
True
Let s = -8 + 13. Is 178/6*15/s prime?
True
Let s be 10/6 + (-5)/(-15). Suppose 3*i - 107 = -3*f - 20, 0 = -s*i + 2*f + 66. Is i a prime number?
True
Let z(f) = f**3 - f**2 - 2*f - 15. Is z(7) prime?
False
Let w(q) = -q**2 + q + 1. Let j(g) = 2*g**2 - 6*g - 8. Let f(t) = j(t) + w(t). Suppose -4*v = 2*k + 30, 3*v = -0*k + 2*k - 5. Is f(v) a prime number?
True
Let v = 993 - -3673. Is v prime?
False
Let y = -24 + 13. Let v = 75 - y. Is v a prime number?
False
Let k(y) = -5*y + 0 + 0*y**2 - 4*y**2 + 1 - 2*y**3 - 3*y**2. Is k(-4) a prime number?
True
Is (3 - 2)/((-2)/(-1270)) composite?
True
Is 2 + (-1 - -1614) - -4 a prime number?
True
Let c be ((-6)/4)/(3/(-10)). Suppose 0 = -5*q + 3*a + 94, -q - 14 = -2*q - a. Suppose -5*m - c = -5*j, -2*j + q = -0*j + m. Is j composite?
True
Suppose -4*n = -3*p - 0*n + 28343, 2*p = 4*n + 18898. Is p prime?
False
Let q = 0 + 6. Let b = 28 - q. Is b prime?
False
Let h = 18 + -14. Let z(u) = -3 - 2*u + 8*u - 2. Is z(h) prime?
True
Is -2*1 - 7/((-28)/1024) composite?
True
Suppose 0*s - 1779 = -4*s + w, 436 = s - 2*w. Is s composite?
True
Let b(u) = -u**2 + 4*u - 3. Let f be b(2). Is f/(2/64) + 3 prime?
False
Let r be -2 + 0 - (108 - 0). Is (-1 + 3)*r/(-4) prime?
False
Suppose 0*h + 5*s = 4*h - 2, 4*s - 5 = h. Let j(i) = -i + 6*i**2 + h + 2*i - 6. Is j(-4) a composite number?
False
Suppose -s + 2*s - 557 = 0. Is s composite?
False
Suppose -4*y + 2616 = 4*a, -3*y = 2*a - 5*y - 1304. Is a composite?
False
Suppose 2*k + 2*k - 12 = 0. Suppose 4*y + 3*u = 221, -y + k*u = 8*u - 34. Is y a prime number?
True
Let c = 683 - 975. Let q = -177 - c. Suppose 3*b - t - 156 = q, -t = -5*b + 449. Is b composite?
False
Let a be (1 - 2) + 0 + 5. Suppose -10 = -a*n + 142. Suppose -5 - n = -h. Is h composite?
False
Suppose c - 5*c + 32 = 2*a, 0 = a + 4. Suppose k = 2*g - c, 2*g + 4*k - k = 2. Suppose g*s - 56 = -2*z, 3*s = -3*z - 0*z + 45. Is s a composite number?
False
Suppose 2 + 0 = b. Suppose y + 75 = b*y. Suppose -4*h + 121 + y = 0. Is h prime?
False
Suppose 4*x + 11 = 2*q + 3*x, q = -4*x - 17. Suppose -64 = -0*o + 4*o. Let m = q - o. Is m a prime number?
True
Suppose 0 = -3*x + 4*x - 4. Suppose 0 = -x*v - 4, -2*i - 2*v - 157 = 3*v. Let f = -53 - i. Is f a prime number?
True
Suppose 5